{"id":65947,"date":"2020-03-25T20:16:26","date_gmt":"2020-03-25T20:16:26","guid":{"rendered":"https:\/\/interac1.wpengine.com\/covid-19\/"},"modified":"2020-11-03T03:10:54","modified_gmt":"2020-11-03T03:10:54","slug":"covid-19","status":"publish","type":"page","link":"https:\/\/www.interac.ca\/fr\/covid-19\/","title":{"rendered":"COVID-19"},"content":{"rendered":"\n\n<div class=\"grid-container\"><div class=\"grid-x align-center\"><div class=\"small-12 medium-8\">\n<h2 class=\"center wp-block-heading\">Un peu de certitude en ces temps incertains.<\/h2>\n<\/div><\/div><\/div>\n\n<div class=\"grid-container\"><div class=\"grid-x align-center\"><div class=\"small-12 medium-8\">\n<p class=\"center\">Chez Interac, nous savons que des millions de Canadiennes et de Canadiens comptent sur nous chaque jour. Face \u00e0 la crise sans pr\u00e9c\u00e9dent de la COVID-19, nous tenons \u00e0 vous rassurer que nous travaillons sans rel\u00e2che pour que <strong>vous puissiez continuer \u00e0 acc\u00e9der \u00e0 votre argent et \u00e0 le transf\u00e9rer de mani\u00e8re aussi s\u00e9curitaire qu\u2019auparavant.<\/strong><\/p>\n<\/div><\/div><\/div>\n\n<div class=\"grid-container\"><div class=\"grid-x align-center\"><div class=\"small-12 medium-8\">\n<p class=\"center\">Tout cela est possible gr\u00e2ce \u00e0 nos employ\u00e9s Interac. En mati\u00e8re de sant\u00e9, nous appliquons \u00e0 la lettre les directives canadiennes afin d\u2019aider \u00e0 assurer la s\u00e9curit\u00e9 de chaque membre de la famille Interac.<\/p>\n<\/div><\/div><\/div>\n\n<div class=\"grid-container\"><div class=\"grid-x align-center\"><div class=\"small-12 medium-8\">\n<p class=\"center\">Nous assurer que vous puissiez faire vos transactions en toute s\u00e9curit\u00e9 est notre plus grande priorit\u00e9. Nos normes en mati\u00e8re de pr\u00e9vention et de d\u00e9tection de la fraude demeurent \u00e9lev\u00e9es, et nous restons vigilants et r\u00e9actifs quant aux menaces potentielles.<\/p>\n<\/div><\/div><\/div>\n\n<div class=\"grid-container\"><div class=\"grid-x align-center\"><div class=\"small-12 medium-8\">\n<p class=\"center\">Nous travaillons avec nos partenaires pour am\u00e9liorer les options de paiement pour les entreprises et les particuliers canadiens, notamment en permettant les paiements sans contact et sur demande l\u00e0 o\u00f9 ils ne sont peut-\u00eatre pas accept\u00e9s actuellement et en explorant comment les solutions Interac peuvent \u00eatre d\u00e9ploy\u00e9es pour aider \u00e0 faire circuler l\u2019argent plus rapidement entre les organismes de secours et leurs b\u00e9n\u00e9ficiaires, le gouvernement et ses citoyens, et les entreprises et leurs clients.<\/p>\n<\/div><\/div><\/div>\n\n<div class=\"grid-container\"><div class=\"grid-x align-center\"><div class=\"small-12 medium-8\">\n<p class=\"center\">Vous pouvez \u00eatre assur\u00e9 que nous travaillons jour et nuit afin que vous puissiez acc\u00e9der \u00e0 votre argent et le transf\u00e9rer en toute s\u00e9curit\u00e9.<\/p>\n<\/div><\/div><\/div>\n\n<div class=\"grid-container\"><div class=\"grid-x\">\n<div style=\"height:100px\" aria-hidden=\"true\" class=\"wp-block-spacer\"><\/div>\n<\/div><\/div>\n\n\n\n\n\n","protected":false},"excerpt":{"rendered":"<p>Un peu de certitude en ces temps incertains. Chez Interac, nous savons que des millions de Canadiennes et de Canadiens comptent sur nous chaque jour. Face \u00e0 la crise sans pr\u00e9c\u00e9dent de la COVID-19, nous tenons \u00e0 vous rassurer que nous travaillons sans rel\u00e2che pour que vous puissiez continuer \u00e0 acc\u00e9der \u00e0 votre argent et&hellip;<\/p>\n","protected":false},"author":1,"featured_media":0,"parent":0,"menu_order":0,"comment_status":"closed","ping_status":"closed","template":"","meta":{"_acf_changed":false,"footnotes":""},"class_list":["post-65947","page","type-page","status-publish","hentry"],"acf":[],"yoast_head":"<!-- This site is optimized with the Yoast SEO Premium plugin v27.4 (Yoast SEO v27.4) - https:\/\/yoast.com\/product\/yoast-seo-premium-wordpress\/ -->\n<title>COVID-19 - Interac<\/title>\n<meta name=\"robots\" content=\"index, follow, max-snippet:-1, max-image-preview:large, max-video-preview:-1\" \/>\n<link rel=\"canonical\" href=\"https:\/\/www.interac.ca\/fr\/covid-19\/\" \/>\n<meta property=\"og:locale\" content=\"fr_CA\" \/>\n<meta property=\"og:type\" content=\"article\" \/>\n<meta property=\"og:title\" content=\"COVID-19\" \/>\n<meta property=\"og:description\" content=\"Un peu de certitude en ces temps incertains. Chez Interac, nous savons que des millions de Canadiennes et de Canadiens comptent sur nous chaque jour. Face\" \/>\n<meta property=\"og:url\" content=\"https:\/\/www.interac.ca\/fr\/covid-19\/\" \/>\n<meta property=\"og:site_name\" content=\"Interac\" \/>\n<meta property=\"article:publisher\" content=\"https:\/\/www.facebook.com\/interac\" \/>\n<meta property=\"article:modified_time\" content=\"2020-11-03T03:10:54+00:00\" \/>\n<meta name=\"twitter:card\" content=\"summary_large_image\" \/>\n<meta name=\"twitter:site\" content=\"@interac\" \/>\n<meta name=\"twitter:label1\" content=\"Estimation du temps de lecture\" \/>\n\t<meta name=\"twitter:data1\" content=\"1 minute\" \/>\n<script type=\"application\/ld+json\" class=\"yoast-schema-graph\">{\"@context\":\"https:\\\/\\\/schema.org\",\"@graph\":[{\"@type\":\"WebPage\",\"@id\":\"https:\\\/\\\/www.interac.ca\\\/fr\\\/covid-19\\\/\",\"url\":\"https:\\\/\\\/www.interac.ca\\\/fr\\\/covid-19\\\/\",\"name\":\"COVID-19 - Interac\",\"isPartOf\":{\"@id\":\"https:\\\/\\\/www.interac.ca\\\/fr\\\/#website\"},\"datePublished\":\"2020-03-25T20:16:26+00:00\",\"dateModified\":\"2020-11-03T03:10:54+00:00\",\"breadcrumb\":{\"@id\":\"https:\\\/\\\/www.interac.ca\\\/fr\\\/covid-19\\\/#breadcrumb\"},\"inLanguage\":\"fr-CA\",\"potentialAction\":[{\"@type\":\"ReadAction\",\"target\":[\"https:\\\/\\\/www.interac.ca\\\/fr\\\/covid-19\\\/\"]}]},{\"@type\":\"BreadcrumbList\",\"@id\":\"https:\\\/\\\/www.interac.ca\\\/fr\\\/covid-19\\\/#breadcrumb\",\"itemListElement\":[{\"@type\":\"ListItem\",\"position\":1,\"name\":\"Accueil\",\"item\":\"https:\\\/\\\/www.interac.ca\\\/fr\\\/\"},{\"@type\":\"ListItem\",\"position\":2,\"name\":\"COVID-19\"}]},{\"@type\":\"WebSite\",\"@id\":\"https:\\\/\\\/www.interac.ca\\\/fr\\\/#website\",\"url\":\"https:\\\/\\\/www.interac.ca\\\/fr\\\/\",\"name\":\"Interac\",\"description\":\"\",\"publisher\":{\"@id\":\"https:\\\/\\\/www.interac.ca\\\/fr\\\/#organization\"},\"potentialAction\":[{\"@type\":\"SearchAction\",\"target\":{\"@type\":\"EntryPoint\",\"urlTemplate\":\"https:\\\/\\\/www.interac.ca\\\/fr\\\/?s={search_term_string}\"},\"query-input\":{\"@type\":\"PropertyValueSpecification\",\"valueRequired\":true,\"valueName\":\"search_term_string\"}}],\"inLanguage\":\"fr-CA\"},{\"@type\":\"Organization\",\"@id\":\"https:\\\/\\\/www.interac.ca\\\/fr\\\/#organization\",\"name\":\"Interac Corp.\",\"url\":\"https:\\\/\\\/www.interac.ca\\\/fr\\\/\",\"logo\":{\"@type\":\"ImageObject\",\"inLanguage\":\"fr-CA\",\"@id\":\"https:\\\/\\\/www.interac.ca\\\/fr\\\/#\\\/schema\\\/logo\\\/image\\\/\",\"url\":\"https:\\\/\\\/www.interac.ca\\\/wp-content\\\/uploads\\\/2022\\\/03\\\/Interac_Two-Colour_RGB.png\",\"contentUrl\":\"https:\\\/\\\/www.interac.ca\\\/wp-content\\\/uploads\\\/2022\\\/03\\\/Interac_Two-Colour_RGB.png\",\"width\":2210,\"height\":2210,\"caption\":\"Interac Corp.\"},\"image\":{\"@id\":\"https:\\\/\\\/www.interac.ca\\\/fr\\\/#\\\/schema\\\/logo\\\/image\\\/\"},\"sameAs\":[\"https:\\\/\\\/www.facebook.com\\\/interac\",\"https:\\\/\\\/x.com\\\/interac\",\"https:\\\/\\\/www.instagram.com\\\/interac\\\/\",\"https:\\\/\\\/www.linkedin.com\\\/company\\\/interac-corp\\\/\",\"https:\\\/\\\/www.youtube.com\\\/user\\\/InteracBrand\"]}]}<\/script>\n<!-- \/ Yoast SEO Premium plugin. -->","yoast_head_json":{"title":"COVID-19 - Interac","robots":{"index":"index","follow":"follow","max-snippet":"max-snippet:-1","max-image-preview":"max-image-preview:large","max-video-preview":"max-video-preview:-1"},"canonical":"https:\/\/www.interac.ca\/fr\/covid-19\/","og_locale":"fr_CA","og_type":"article","og_title":"COVID-19","og_description":"Un peu de certitude en ces temps incertains. Chez Interac, nous savons que des millions de Canadiennes et de Canadiens comptent sur nous chaque jour. Face","og_url":"https:\/\/www.interac.ca\/fr\/covid-19\/","og_site_name":"Interac","article_publisher":"https:\/\/www.facebook.com\/interac","article_modified_time":"2020-11-03T03:10:54+00:00","twitter_card":"summary_large_image","twitter_site":"@interac","twitter_misc":{"Estimation du temps de lecture":"1 minute"},"schema":{"@context":"https:\/\/schema.org","@graph":[{"@type":"WebPage","@id":"https:\/\/www.interac.ca\/fr\/covid-19\/","url":"https:\/\/www.interac.ca\/fr\/covid-19\/","name":"COVID-19 - Interac","isPartOf":{"@id":"https:\/\/www.interac.ca\/fr\/#website"},"datePublished":"2020-03-25T20:16:26+00:00","dateModified":"2020-11-03T03:10:54+00:00","breadcrumb":{"@id":"https:\/\/www.interac.ca\/fr\/covid-19\/#breadcrumb"},"inLanguage":"fr-CA","potentialAction":[{"@type":"ReadAction","target":["https:\/\/www.interac.ca\/fr\/covid-19\/"]}]},{"@type":"BreadcrumbList","@id":"https:\/\/www.interac.ca\/fr\/covid-19\/#breadcrumb","itemListElement":[{"@type":"ListItem","position":1,"name":"Accueil","item":"https:\/\/www.interac.ca\/fr\/"},{"@type":"ListItem","position":2,"name":"COVID-19"}]},{"@type":"WebSite","@id":"https:\/\/www.interac.ca\/fr\/#website","url":"https:\/\/www.interac.ca\/fr\/","name":"Interac","description":"","publisher":{"@id":"https:\/\/www.interac.ca\/fr\/#organization"},"potentialAction":[{"@type":"SearchAction","target":{"@type":"EntryPoint","urlTemplate":"https:\/\/www.interac.ca\/fr\/?s={search_term_string}"},"query-input":{"@type":"PropertyValueSpecification","valueRequired":true,"valueName":"search_term_string"}}],"inLanguage":"fr-CA"},{"@type":"Organization","@id":"https:\/\/www.interac.ca\/fr\/#organization","name":"Interac Corp.","url":"https:\/\/www.interac.ca\/fr\/","logo":{"@type":"ImageObject","inLanguage":"fr-CA","@id":"https:\/\/www.interac.ca\/fr\/#\/schema\/logo\/image\/","url":"https:\/\/www.interac.ca\/wp-content\/uploads\/2022\/03\/Interac_Two-Colour_RGB.png","contentUrl":"https:\/\/www.interac.ca\/wp-content\/uploads\/2022\/03\/Interac_Two-Colour_RGB.png","width":2210,"height":2210,"caption":"Interac Corp."},"image":{"@id":"https:\/\/www.interac.ca\/fr\/#\/schema\/logo\/image\/"},"sameAs":["https:\/\/www.facebook.com\/interac","https:\/\/x.com\/interac","https:\/\/www.instagram.com\/interac\/","https:\/\/www.linkedin.com\/company\/interac-corp\/","https:\/\/www.youtube.com\/user\/InteracBrand"]}]}},"featured_image_src":"https:\/\/www.interac.ca\/wp-includes\/images\/media\/default.svg","_links":{"self":[{"href":"https:\/\/www.interac.ca\/fr\/wp-json\/wp\/v2\/pages\/65947","targetHints":{"allow":["GET"]}}],"collection":[{"href":"https:\/\/www.interac.ca\/fr\/wp-json\/wp\/v2\/pages"}],"about":[{"href":"https:\/\/www.interac.ca\/fr\/wp-json\/wp\/v2\/types\/page"}],"author":[{"embeddable":true,"href":"https:\/\/www.interac.ca\/fr\/wp-json\/wp\/v2\/users\/1"}],"replies":[{"embeddable":true,"href":"https:\/\/www.interac.ca\/fr\/wp-json\/wp\/v2\/comments?post=65947"}],"version-history":[{"count":0,"href":"https:\/\/www.interac.ca\/fr\/wp-json\/wp\/v2\/pages\/65947\/revisions"}],"wp:attachment":[{"href":"https:\/\/www.interac.ca\/fr\/wp-json\/wp\/v2\/media?parent=65947"}],"curies":[{"name":"wp","href":"https:\/\/api.w.org\/{rel}","templated":true}]}}

<div class="grid-container"><div class="grid-x align-center"><div class="small-12 medium-8">
<h2 class="center wp-block-heading">Un peu de certitude en ces temps incertains.</h2>
</div></div></div>

<div class="grid-container"><div class="grid-x align-center"><div class="small-12 medium-8">
<p class="center">Chez Interac, nous savons que des millions de Canadiennes et de Canadiens comptent sur nous chaque jour. Face à la crise sans précédent de la COVID-19, nous tenons à vous rassurer que nous travaillons sans relâche pour que <strong>vous puissiez continuer à accéder à votre argent et à le transférer de manière aussi sécuritaire qu’auparavant.</strong></p>
</div></div></div>

<div class="grid-container"><div class="grid-x align-center"><div class="small-12 medium-8">
<p class="center">Tout cela est possible grâce à nos employés Interac. En matière de santé, nous appliquons à la lettre les directives canadiennes afin d’aider à assurer la sécurité de chaque membre de la famille Interac.</p>
</div></div></div>

<div class="grid-container"><div class="grid-x align-center"><div class="small-12 medium-8">
<p class="center">Nous assurer que vous puissiez faire vos transactions en toute sécurité est notre plus grande priorité. Nos normes en matière de prévention et de détection de la fraude demeurent élevées, et nous restons vigilants et réactifs quant aux menaces potentielles.</p>
</div></div></div>

<div class="grid-container"><div class="grid-x align-center"><div class="small-12 medium-8">
<p class="center">Nous travaillons avec nos partenaires pour améliorer les options de paiement pour les entreprises et les particuliers canadiens, notamment en permettant les paiements sans contact et sur demande là où ils ne sont peut-être pas acceptés actuellement et en explorant comment les solutions Interac peuvent être déployées pour aider à faire circuler l’argent plus rapidement entre les organismes de secours et leurs bénéficiaires, le gouvernement et ses citoyens, et les entreprises et leurs clients.</p>
</div></div></div>

<div class="grid-container"><div class="grid-x align-center"><div class="small-12 medium-8">
<p class="center">Vous pouvez être assuré que nous travaillons jour et nuit afin que vous puissiez accéder à votre argent et le transférer en toute sécurité.</p>
</div></div></div>

<div class="grid-container"><div class="grid-x">
<div style="height:100px" aria-hidden="true" class="wp-block-spacer"></div>
</div></div>

<p>Un peu de certitude en ces temps incertains. Chez Interac, nous savons que des millions de Canadiennes et de Canadiens comptent sur nous chaque jour. Face à la crise sans précédent de la COVID-19, nous tenons à vous rassurer que nous travaillons sans relâche pour que vous puissiez continuer à accéder à votre argent et&hellip;</p>
